{"id":100,"date":"2017-07-03T16:15:59","date_gmt":"2017-07-03T14:15:59","guid":{"rendered":"http:\/\/reflexologie-shiatsu-nantes.fr\/?page_id=100"},"modified":"2019-07-28T12:52:38","modified_gmt":"2019-07-28T10:52:38","slug":"origines-bases-theoriques","status":"publish","type":"page","link":"https:\/\/reflexologie-shiatsu-nantes.fr\/index.php\/origines-bases-theoriques\/","title":{"rendered":"Origines | Pr\u00e9sentation"},"content":{"rendered":"<div id=\"dslc-theme-content\"><div id=\"dslc-theme-content-inner\">\t\t<div data-elementor-type=\"wp-page\" data-elementor-id=\"100\" class=\"elementor elementor-100 elementor-bc-flex-widget\">\n\t\t\t\t\t\t\t\t\t<section class=\"elementor-section elementor-top-section elementor-element elementor-element-hihkijq elementor-section-boxed elementor-section-height-default elementor-section-height-default\" data-id=\"hihkijq\" data-element_type=\"section\">\n\t\t\t\t\t\t<div class=\"elementor-container elementor-column-gap-default\">\n\t\t\t\t\t<div class=\"elementor-column elementor-col-100 elementor-top-column elementor-element elementor-element-uwlfgxr\" data-id=\"uwlfgxr\" data-element_type=\"column\">\n\t\t\t<div class=\"elementor-widget-wrap elementor-element-populated\">\n\t\t\t\t\t\t\t\t<div class=\"elementor-element elementor-element-8z6thvr elementor-widget elementor-widget-heading\" data-id=\"8z6thvr\" data-element_type=\"widget\" data-widget_type=\"heading.default\">\n\t\t\t\t<div class=\"elementor-widget-container\">\n\t\t\t<h3 class=\"elementor-heading-title elementor-size-default\">Les origines | Pr\u00e9sentation du Shiatsu<\/h3>\t\t<\/div>\n\t\t\t\t<\/div>\n\t\t\t\t<div class=\"elementor-element elementor-element-53znk2w elementor-widget elementor-widget-text-editor\" data-id=\"53znk2w\" data-element_type=\"widget\" data-widget_type=\"text-editor.default\">\n\t\t\t\t<div class=\"elementor-widget-container\">\n\t\t\t\t\t\t\t<p>Le <strong>Shiatsu<\/strong> est une technique manuelle japonaise qui vise \u00e0 \u00e9quilibrer les flux \u00e9nerg\u00e9tiques dans le corps pour pr\u00e9server et maintenir l\u2019\u00e9tat de <strong>sant\u00e9<\/strong>. Il signifie litt\u00e9ralement \u00ab\u00a0pression des doigts\u00a0\u00bb.\u00a0Cet art traditionnel s\u2019ancre dans les fondements de la <strong>M\u00e9decine Traditionnelle Chinoise<\/strong> et la philosophie <strong>Tao\u00efste<\/strong>.<\/p>\t\t\t\t\t\t<\/div>\n\t\t\t\t<\/div>\n\t\t\t\t<section class=\"elementor-section elementor-inner-section elementor-element elementor-element-owbwyu9 elementor-section-boxed elementor-section-height-default elementor-section-height-default\" data-id=\"owbwyu9\" data-element_type=\"section\">\n\t\t\t\t\t\t<div class=\"elementor-container elementor-column-gap-default\">\n\t\t\t\t\t<div class=\"elementor-column elementor-col-50 elementor-inner-column elementor-element elementor-element-tvl9dvi\" data-id=\"tvl9dvi\" data-element_type=\"column\">\n\t\t\t<div class=\"elementor-widget-wrap elementor-element-populated\">\n\t\t\t\t\t\t\t\t<div class=\"elementor-element elementor-element-jcspmmw elementor-widget elementor-widget-text-editor\" data-id=\"jcspmmw\" data-element_type=\"widget\" data-widget_type=\"text-editor.default\">\n\t\t\t\t<div class=\"elementor-widget-container\">\n\t\t\t\t\t\t\t<p>Son r\u00f4le s\u2019inscrit avant tout dans la <strong>pr\u00e9vention<\/strong> mais il peut aussi \u00eatre <strong>curatif<\/strong>. Ainsi, il fait \u00e9merger les tensions pour mieux les \u00e9liminer, de sorte qu\u2019elles ne deviennent pas pathog\u00e8nes.<\/p><p>Aussi, cette discipline est reconnue comme une <strong>m\u00e9decine<\/strong> officielle au Japon depuis 1955 qui la d\u00e9finit comme suit :<\/p><p>\u00ab\u00a0Le <strong>Shiatsu<\/strong> est une forme de manipulation qui utilise les pouces et les paumes de mains, sans instrument m\u00e9canique ou autre, appliquant une pression sur la peau. Le but est de corriger le mauvais fonctionnement interne, favoriser et maintenir la <strong>sant\u00e9<\/strong> et traiter les <strong>maladies<\/strong> sp\u00e9cifiques\u00a0\u00bb.<\/p><p>Enfin, il est l\u2019une des 8 approches alternatives reconnues en Europe comme \u00ab\u00a0<strong>m\u00e9decine<\/strong> non conventionnelle digne d\u2019int\u00e9r\u00eat\u00a0\u00bb. Elle fut vot\u00e9e le 29 mai 1997 par une r\u00e9solution du Parlement Europ\u00e9en.<\/p>\t\t\t\t\t\t<\/div>\n\t\t\t\t<\/div>\n\t\t\t\t\t<\/div>\n\t\t<\/div>\n\t\t\t\t<div class=\"elementor-column elementor-col-50 elementor-inner-column elementor-element elementor-element-2irp438\" data-id=\"2irp438\" data-element_type=\"column\">\n\t\t\t<div class=\"elementor-widget-wrap elementor-element-populated\">\n\t\t\t\t\t\t\t\t<div class=\"elementor-element elementor-element-cki7mdb elementor-widget elementor-widget-image\" data-id=\"cki7mdb\" data-element_type=\"widget\" data-widget_type=\"image.default\">\n\t\t\t\t<div class=\"elementor-widget-container\">\n\t\t\t\t\t\t\t\t\t\t\t\t\t\t\t<img fetchpriority=\"high\" decoding=\"async\" data-attachment-id=\"408\" data-permalink=\"https:\/\/reflexologie-shiatsu-nantes.fr\/shiatsu-nantes\/\" data-orig-file=\"https:\/\/i0.wp.com\/reflexologie-shiatsu-nantes.fr\/wp-content\/uploads\/2017\/07\/shiatsu-nantes.jpg?fit=2048%2C1356&amp;ssl=1\" data-orig-size=\"2048,1356\" data-comments-opened=\"0\" data-image-meta=\"{&quot;aperture&quot;:&quot;0&quot;,&quot;credit&quot;:&quot;&quot;,&quot;camera&quot;:&quot;&quot;,&quot;caption&quot;:&quot;&quot;,&quot;created_timestamp&quot;:&quot;0&quot;,&quot;copyright&quot;:&quot;&quot;,&quot;focal_length&quot;:&quot;0&quot;,&quot;iso&quot;:&quot;0&quot;,&quot;shutter_speed&quot;:&quot;0&quot;,&quot;title&quot;:&quot;&quot;,&quot;orientation&quot;:&quot;0&quot;}\" data-image-title=\"shiatsu-nantes\" data-image-description=\"\" data-image-caption=\"&lt;p&gt;Creative Commons : https:\/\/www.flickr.com\/photos\/12346537@N08\/&lt;\/p&gt;\" data-medium-file=\"https:\/\/i0.wp.com\/reflexologie-shiatsu-nantes.fr\/wp-content\/uploads\/2017\/07\/shiatsu-nantes.jpg?fit=300%2C199&amp;ssl=1\" data-large-file=\"https:\/\/i0.wp.com\/reflexologie-shiatsu-nantes.fr\/wp-content\/uploads\/2017\/07\/shiatsu-nantes.jpg?fit=730%2C483&amp;ssl=1\" width=\"730\" height=\"484\" src=\"https:\/\/i0.wp.com\/reflexologie-shiatsu-nantes.fr\/wp-content\/uploads\/2017\/07\/shiatsu-nantes.jpg?fit=730%2C484&amp;ssl=1\" class=\"attachment-medium_large size-medium_large wp-image-408\" alt=\"\" srcset=\"https:\/\/i0.wp.com\/reflexologie-shiatsu-nantes.fr\/wp-content\/uploads\/2017\/07\/shiatsu-nantes.jpg?w=2048&amp;ssl=1 2048w, https:\/\/i0.wp.com\/reflexologie-shiatsu-nantes.fr\/wp-content\/uploads\/2017\/07\/shiatsu-nantes.jpg?resize=300%2C199&amp;ssl=1 300w, https:\/\/i0.wp.com\/reflexologie-shiatsu-nantes.fr\/wp-content\/uploads\/2017\/07\/shiatsu-nantes.jpg?resize=768%2C509&amp;ssl=1 768w, https:\/\/i0.wp.com\/reflexologie-shiatsu-nantes.fr\/wp-content\/uploads\/2017\/07\/shiatsu-nantes.jpg?resize=1024%2C678&amp;ssl=1 1024w, https:\/\/i0.wp.com\/reflexologie-shiatsu-nantes.fr\/wp-content\/uploads\/2017\/07\/shiatsu-nantes.jpg?w=1460&amp;ssl=1 1460w\" sizes=\"(max-width: 730px) 100vw, 730px\" \/>\t\t\t\t\t\t\t\t\t\t\t\t\t\t\t<\/div>\n\t\t\t\t<\/div>\n\t\t\t\t\t<\/div>\n\t\t<\/div>\n\t\t\t\t\t\t\t<\/div>\n\t\t<\/section>\n\t\t\t\t\t<\/div>\n\t\t<\/div>\n\t\t\t\t\t\t\t<\/div>\n\t\t<\/section>\n\t\t\t\t\t\t\t<\/div>\n\t\t<\/div><\/div>","protected":false},"excerpt":{"rendered":"<p>Les origines | Pr\u00e9sentation du Shiatsu Le Shiatsu est une technique manuelle japonaise qui vise \u00e0 \u00e9quilibrer les flux \u00e9nerg\u00e9tiques dans le corps pour pr\u00e9server et maintenir l\u2019\u00e9tat de sant\u00e9. Il signifie litt\u00e9ralement \u00ab\u00a0pression des doigts\u00a0\u00bb.\u00a0Cet art traditionnel s\u2019ancre dans les fondements de la M\u00e9decine Traditionnelle Chinoise et la philosophie Tao\u00efste. Son r\u00f4le s\u2019inscrit avant<a class=\"moretag\" href=\"https:\/\/reflexologie-shiatsu-nantes.fr\/index.php\/origines-bases-theoriques\/\"><span class=\"screen-reader-text\">En savoir plus surOrigines | Pr\u00e9sentation<\/span>[&#8230;]<\/a><\/p>\n","protected":false},"author":2,"featured_media":0,"parent":0,"menu_order":0,"comment_status":"closed","ping_status":"closed","template":"","meta":{"jetpack_post_was_ever_published":false,"footnotes":""},"yoast_head":"<!-- This site is optimized with the Yoast SEO plugin v21.7 - https:\/\/yoast.com\/wordpress\/plugins\/seo\/ -->\n<title>Origines | Pr\u00e9sentation - R\u00e9flexologie, Shiatsu et Kobido \u00e0 Nantes<\/title>\n<meta name=\"description\" content=\"D\u00e9couvrez les origines et la pr\u00e9sentation du Shiatsu, une pratique qui vise \u00e0 am\u00e9liorer et pr\u00e9server votre \u00e9tat de sant\u00e9.\" \/>\n<meta name=\"robots\" content=\"index, follow, max-snippet:-1, max-image-preview:large, max-video-preview:-1\" \/>\n<link rel=\"canonical\" href=\"https:\/\/reflexologie-shiatsu-nantes.fr\/index.php\/origines-bases-theoriques\/\" \/>\n<meta property=\"og:locale\" content=\"fr_FR\" \/>\n<meta property=\"og:type\" content=\"article\" \/>\n<meta property=\"og:title\" content=\"Origines | Pr\u00e9sentation - R\u00e9flexologie, Shiatsu et Kobido \u00e0 Nantes\" \/>\n<meta property=\"og:description\" content=\"D\u00e9couvrez les origines et la pr\u00e9sentation du Shiatsu, une pratique qui vise \u00e0 am\u00e9liorer et pr\u00e9server votre \u00e9tat de sant\u00e9.\" \/>\n<meta property=\"og:url\" content=\"https:\/\/reflexologie-shiatsu-nantes.fr\/index.php\/origines-bases-theoriques\/\" \/>\n<meta property=\"og:site_name\" content=\"R\u00e9flexologie, Shiatsu et Kobido \u00e0 Nantes\" \/>\n<meta property=\"article:modified_time\" content=\"2019-07-28T10:52:38+00:00\" \/>\n<meta property=\"og:image\" content=\"http:\/\/reflexologie-shiatsu-nantes.fr\/wp-content\/uploads\/2017\/07\/shiatsu-nantes-768x509.jpg\" \/>\n<meta name=\"twitter:card\" content=\"summary_large_image\" \/>\n<meta name=\"twitter:label1\" content=\"Dur\u00e9e de lecture estim\u00e9e\" \/>\n\t<meta name=\"twitter:data1\" content=\"1 minute\" \/>\n<script type=\"application\/ld+json\" class=\"yoast-schema-graph\">{\"@context\":\"https:\/\/schema.org\",\"@graph\":[{\"@type\":\"WebPage\",\"@id\":\"https:\/\/reflexologie-shiatsu-nantes.fr\/index.php\/origines-bases-theoriques\/\",\"url\":\"https:\/\/reflexologie-shiatsu-nantes.fr\/index.php\/origines-bases-theoriques\/\",\"name\":\"Origines | Pr\u00e9sentation - R\u00e9flexologie, Shiatsu et Kobido \u00e0 Nantes\",\"isPartOf\":{\"@id\":\"https:\/\/reflexologie-shiatsu-nantes.fr\/#website\"},\"datePublished\":\"2017-07-03T14:15:59+00:00\",\"dateModified\":\"2019-07-28T10:52:38+00:00\",\"description\":\"D\u00e9couvrez les origines et la pr\u00e9sentation du Shiatsu, une pratique qui vise \u00e0 am\u00e9liorer et pr\u00e9server votre \u00e9tat de sant\u00e9.\",\"breadcrumb\":{\"@id\":\"https:\/\/reflexologie-shiatsu-nantes.fr\/index.php\/origines-bases-theoriques\/#breadcrumb\"},\"inLanguage\":\"fr-FR\",\"potentialAction\":[{\"@type\":\"ReadAction\",\"target\":[\"https:\/\/reflexologie-shiatsu-nantes.fr\/index.php\/origines-bases-theoriques\/\"]}]},{\"@type\":\"BreadcrumbList\",\"@id\":\"https:\/\/reflexologie-shiatsu-nantes.fr\/index.php\/origines-bases-theoriques\/#breadcrumb\",\"itemListElement\":[{\"@type\":\"ListItem\",\"position\":1,\"name\":\"Accueil\",\"item\":\"https:\/\/reflexologie-shiatsu-nantes.fr\/\"},{\"@type\":\"ListItem\",\"position\":2,\"name\":\"Origines | Pr\u00e9sentation\"}]},{\"@type\":\"WebSite\",\"@id\":\"https:\/\/reflexologie-shiatsu-nantes.fr\/#website\",\"url\":\"https:\/\/reflexologie-shiatsu-nantes.fr\/\",\"name\":\"R\u00e9flexologie, Shiatsu et Kobido \u00e0 Nantes\",\"description\":\"Bienvenue\",\"potentialAction\":[{\"@type\":\"SearchAction\",\"target\":{\"@type\":\"EntryPoint\",\"urlTemplate\":\"https:\/\/reflexologie-shiatsu-nantes.fr\/?s={search_term_string}\"},\"query-input\":\"required name=search_term_string\"}],\"inLanguage\":\"fr-FR\"}]}<\/script>\n<!-- \/ Yoast SEO plugin. -->","yoast_head_json":{"title":"Origines | Pr\u00e9sentation - R\u00e9flexologie, Shiatsu et Kobido \u00e0 Nantes","description":"D\u00e9couvrez les origines et la pr\u00e9sentation du Shiatsu, une pratique qui vise \u00e0 am\u00e9liorer et pr\u00e9server votre \u00e9tat de sant\u00e9.","robots":{"index":"index","follow":"follow","max-snippet":"max-snippet:-1","max-image-preview":"max-image-preview:large","max-video-preview":"max-video-preview:-1"},"canonical":"https:\/\/reflexologie-shiatsu-nantes.fr\/index.php\/origines-bases-theoriques\/","og_locale":"fr_FR","og_type":"article","og_title":"Origines | Pr\u00e9sentation - R\u00e9flexologie, Shiatsu et Kobido \u00e0 Nantes","og_description":"D\u00e9couvrez les origines et la pr\u00e9sentation du Shiatsu, une pratique qui vise \u00e0 am\u00e9liorer et pr\u00e9server votre \u00e9tat de sant\u00e9.","og_url":"https:\/\/reflexologie-shiatsu-nantes.fr\/index.php\/origines-bases-theoriques\/","og_site_name":"R\u00e9flexologie, Shiatsu et Kobido \u00e0 Nantes","article_modified_time":"2019-07-28T10:52:38+00:00","og_image":[{"url":"http:\/\/reflexologie-shiatsu-nantes.fr\/wp-content\/uploads\/2017\/07\/shiatsu-nantes-768x509.jpg"}],"twitter_card":"summary_large_image","twitter_misc":{"Dur\u00e9e de lecture estim\u00e9e":"1 minute"},"schema":{"@context":"https:\/\/schema.org","@graph":[{"@type":"WebPage","@id":"https:\/\/reflexologie-shiatsu-nantes.fr\/index.php\/origines-bases-theoriques\/","url":"https:\/\/reflexologie-shiatsu-nantes.fr\/index.php\/origines-bases-theoriques\/","name":"Origines | Pr\u00e9sentation - R\u00e9flexologie, Shiatsu et Kobido \u00e0 Nantes","isPartOf":{"@id":"https:\/\/reflexologie-shiatsu-nantes.fr\/#website"},"datePublished":"2017-07-03T14:15:59+00:00","dateModified":"2019-07-28T10:52:38+00:00","description":"D\u00e9couvrez les origines et la pr\u00e9sentation du Shiatsu, une pratique qui vise \u00e0 am\u00e9liorer et pr\u00e9server votre \u00e9tat de sant\u00e9.","breadcrumb":{"@id":"https:\/\/reflexologie-shiatsu-nantes.fr\/index.php\/origines-bases-theoriques\/#breadcrumb"},"inLanguage":"fr-FR","potentialAction":[{"@type":"ReadAction","target":["https:\/\/reflexologie-shiatsu-nantes.fr\/index.php\/origines-bases-theoriques\/"]}]},{"@type":"BreadcrumbList","@id":"https:\/\/reflexologie-shiatsu-nantes.fr\/index.php\/origines-bases-theoriques\/#breadcrumb","itemListElement":[{"@type":"ListItem","position":1,"name":"Accueil","item":"https:\/\/reflexologie-shiatsu-nantes.fr\/"},{"@type":"ListItem","position":2,"name":"Origines | Pr\u00e9sentation"}]},{"@type":"WebSite","@id":"https:\/\/reflexologie-shiatsu-nantes.fr\/#website","url":"https:\/\/reflexologie-shiatsu-nantes.fr\/","name":"R\u00e9flexologie, Shiatsu et Kobido \u00e0 Nantes","description":"Bienvenue","potentialAction":[{"@type":"SearchAction","target":{"@type":"EntryPoint","urlTemplate":"https:\/\/reflexologie-shiatsu-nantes.fr\/?s={search_term_string}"},"query-input":"required name=search_term_string"}],"inLanguage":"fr-FR"}]}},"jetpack_sharing_enabled":true,"jetpack_shortlink":"https:\/\/wp.me\/P8fx45-1C","jetpack-related-posts":[{"id":473,"url":"https:\/\/reflexologie-shiatsu-nantes.fr\/index.php\/origines-presentation\/","url_meta":{"origin":100,"position":0},"title":"Origines | Pr\u00e9sentation","author":"MICHEL SEVIN","date":"11 septembre 2019","format":false,"excerpt":"Les origines du Kobido Le Kobido prend sa source au milieu du 15 \u00e8me si\u00e8cle au Japon.A l\u2019\u00e9poque, la forme existante de massage est l'Anma. Une longue comp\u00e9tition a motiv\u00e9 l\u2019int\u00e9r\u00eat de deux des meilleurs ma\u00eetres dans cet art. Ils se sont notamment affront\u00e9s dans la pratique des soins du\u2026","rel":"","context":"Article similaire","block_context":{"text":"Article similaire","link":""},"img":{"alt_text":"","src":"","width":0,"height":0},"classes":[]},{"id":93,"url":"https:\/\/reflexologie-shiatsu-nantes.fr\/index.php\/origines\/","url_meta":{"origin":100,"position":1},"title":"Origines | Pr\u00e9sentation","author":"Claire Cottais","date":"3 juillet 2017","format":false,"excerpt":"Les origines de la R\u00e9flexologie Les r\u00e9flexologies\u00a0se d\u00e9clinent dans le monde sous diff\u00e9rentes caract\u00e9ristiques conform\u00e9ment \u00e0 la culture de chacun. On recense le plus ancien document traitant du massage des pieds dans l\u2019Egypte ancienne (environ 2500 ans avant notre \u00e8re), dans la tombe du m\u00e9decin Ankmahor. Les techniques th\u00e9rapeutiques plantaires\u2026","rel":"","context":"Article similaire","block_context":{"text":"Article similaire","link":""},"img":{"alt_text":"","src":"https:\/\/i0.wp.com\/reflexologie-shiatsu-nantes.fr\/wp-content\/uploads\/2017\/07\/reflexologie-nantes-2-768x1152.jpg?resize=350%2C200","width":350,"height":200,"srcset":"https:\/\/i0.wp.com\/reflexologie-shiatsu-nantes.fr\/wp-content\/uploads\/2017\/07\/reflexologie-nantes-2-768x1152.jpg?resize=350%2C200 1x, https:\/\/i0.wp.com\/reflexologie-shiatsu-nantes.fr\/wp-content\/uploads\/2017\/07\/reflexologie-nantes-2-768x1152.jpg?resize=525%2C300 1.5x, https:\/\/i0.wp.com\/reflexologie-shiatsu-nantes.fr\/wp-content\/uploads\/2017\/07\/reflexologie-nantes-2-768x1152.jpg?resize=700%2C400 2x"},"classes":[]},{"id":323,"url":"https:\/\/reflexologie-shiatsu-nantes.fr\/index.php\/la-reflexologie\/","url_meta":{"origin":100,"position":2},"title":"Les r\u00e9flexologies","author":"Claire Cottais","date":"13 juillet 2017","format":false,"excerpt":"La r\u00e9flexologie sud-africaine, dite \u00ab\u00a0douce\u00a0\u00bb ou \u00ab\u00a0m\u00e9tamorphique\u00a0\u00bb La\u00a0r\u00e9flexologie\u00a0sud-africaine est\u00a0cr\u00e9\u00e9e par Chris Stormer dans les ann\u00e9es 80. Elle se d\u00e9marque par la qualit\u00e9 de finesse de son toucher particuli\u00e8rement doux et indolore. Aussi, elle agit notamment sur le champ \u00e9motionnel par le biais des syst\u00e8mes nerveux (central et autonome) et endocrinien\u2026","rel":"","context":"Article similaire","block_context":{"text":"Article similaire","link":""},"img":{"alt_text":"","src":"","width":0,"height":0},"classes":[]},{"id":132,"url":"https:\/\/reflexologie-shiatsu-nantes.fr\/index.php\/deotonlogie-ethique\/","url_meta":{"origin":100,"position":3},"title":"D\u00e9ontologie | Ethique","author":"Claire Cottais","date":"3 juillet 2017","format":false,"excerpt":"Code de d\u00e9ontologie Le r\u00e9f\u00e9rencement requiert de la part du r\u00e9cipiendaire une adh\u00e9sion sans r\u00e9serve au code de d\u00e9ontologie\u00a0et \u00e0 l'\u00e9thique, conformes \u00e0 l\u2019esprit du Shiatsu, des R\u00e9flexologies et de la pratique des Huiles Essentielles. Ainsi bien s\u00fbr qu\u2019avec les lois et r\u00e8glements en vigueur, tant europ\u00e9ens que fran\u00e7ais. En\u2026","rel":"","context":"Article similaire","block_context":{"text":"Article similaire","link":""},"img":{"alt_text":"","src":"","width":0,"height":0},"classes":[]},{"id":300,"url":"https:\/\/reflexologie-shiatsu-nantes.fr\/index.php\/amma\/","url_meta":{"origin":100,"position":4},"title":"Le Amma","author":"Claire Cottais","date":"11 juillet 2017","format":false,"excerpt":"Le Amma ou Shiatsu assis Le shiatsu assis est une variante du shiatsu japonais.\u00a0Le Amma se pratique habill\u00e9 sur une chaise ergonomique et s\u2019articule autour de pressions successives sur le cr\u00e2ne, la nuque, le dos, les hanches, les bras et les mains ainsi que des \u00e9tirements doux.Il n\u2019a pas de\u2026","rel":"","context":"Article similaire","block_context":{"text":"Article similaire","link":""},"img":{"alt_text":"","src":"https:\/\/i0.wp.com\/reflexologie-shiatsu-nantes.fr\/wp-content\/uploads\/2017\/07\/cropped-shiatsu-assis-nantes-1-768x337.jpg?resize=350%2C200","width":350,"height":200,"srcset":"https:\/\/i0.wp.com\/reflexologie-shiatsu-nantes.fr\/wp-content\/uploads\/2017\/07\/cropped-shiatsu-assis-nantes-1-768x337.jpg?resize=350%2C200 1x, https:\/\/i0.wp.com\/reflexologie-shiatsu-nantes.fr\/wp-content\/uploads\/2017\/07\/cropped-shiatsu-assis-nantes-1-768x337.jpg?resize=525%2C300 1.5x, https:\/\/i0.wp.com\/reflexologie-shiatsu-nantes.fr\/wp-content\/uploads\/2017\/07\/cropped-shiatsu-assis-nantes-1-768x337.jpg?resize=700%2C400 2x"},"classes":[]},{"id":68,"url":"https:\/\/reflexologie-shiatsu-nantes.fr\/index.php\/soins-en-reflexologie\/","url_meta":{"origin":100,"position":5},"title":"R\u00e9flexologie","author":"Claire Cottais","date":"3 juillet 2017","format":false,"excerpt":"Les soins en r\u00e9flexologieIci, vous trouverez plusieurs \u00e9l\u00e9ments pour en savoir plus sur les soins en\u00a0r\u00e9flexologie.Les origines et la pr\u00e9sentation de cette pratiqueLes diff\u00e9rentes r\u00e9flexologies pratiqu\u00e9es dans mon cabinet \u00e0 NantesLe d\u00e9roulement de votre s\u00e9ance en r\u00e9flexologie.","rel":"","context":"Article similaire","block_context":{"text":"Article similaire","link":""},"img":{"alt_text":"","src":"","width":0,"height":0},"classes":[]}],"_links":{"self":[{"href":"https:\/\/reflexologie-shiatsu-nantes.fr\/index.php\/wp-json\/wp\/v2\/pages\/100"}],"collection":[{"href":"https:\/\/reflexologie-shiatsu-nantes.fr\/index.php\/wp-json\/wp\/v2\/pages"}],"about":[{"href":"https:\/\/reflexologie-shiatsu-nantes.fr\/index.php\/wp-json\/wp\/v2\/types\/page"}],"author":[{"embeddable":true,"href":"https:\/\/reflexologie-shiatsu-nantes.fr\/index.php\/wp-json\/wp\/v2\/users\/2"}],"replies":[{"embeddable":true,"href":"https:\/\/reflexologie-shiatsu-nantes.fr\/index.php\/wp-json\/wp\/v2\/comments?post=100"}],"version-history":[{"count":8,"href":"https:\/\/reflexologie-shiatsu-nantes.fr\/index.php\/wp-json\/wp\/v2\/pages\/100\/revisions"}],"predecessor-version":[{"id":436,"href":"https:\/\/reflexologie-shiatsu-nantes.fr\/index.php\/wp-json\/wp\/v2\/pages\/100\/revisions\/436"}],"wp:attachment":[{"href":"https:\/\/reflexologie-shiatsu-nantes.fr\/index.php\/wp-json\/wp\/v2\/media?parent=100"}],"curies":[{"name":"wp","href":"https:\/\/api.w.org\/{rel}","templated":true}]}}